{"id":32,"date":"2023-08-29T16:33:16","date_gmt":"2023-08-29T14:33:16","guid":{"rendered":"https:\/\/www.r-s-services.de\/?page_id=32"},"modified":"2023-08-29T19:08:20","modified_gmt":"2023-08-29T17:08:20","slug":"impressum","status":"publish","type":"page","link":"https:\/\/www.r-s-services.de\/index.php\/impressum\/","title":{"rendered":"Impressum"},"content":{"rendered":"<div id='av-layout-grid-1'  class='av-layout-grid-container av-8yh8-660509f430f3274a350bc9db16cf9bf5 entry-content-wrapper main_color av-flex-cells  avia-builder-el-0  avia-builder-el-no-sibling   container_wrap fullsize'  >\n<div class='flex_cell av-22lfw-467ef8866190504ee1fc03597566f803 av-gridrow-cell av_one_third no_margin  avia-builder-el-1  el_before_av_cell_one_third  avia-builder-el-first '  ><div class='flex_cell_inner'><\/div><\/div><div class='flex_cell av-5xzo-1c2b8a513302c51027bf8e044ed9c0e2 av-gridrow-cell av_one_third no_margin  avia-builder-el-2  el_after_av_cell_one_third  el_before_av_cell_one_third '  ><div class='flex_cell_inner'><section  class='av_textblock_section av-llwerhnm-a068c3d42b10b23270311eeb2bd0a165 '   itemscope=\"itemscope\" itemtype=\"https:\/\/schema.org\/CreativeWork\" ><div class='avia_textblock'  itemprop=\"text\" ><p>Rechtliche Angaben<\/p>\n<p>Angaben gem\u00e4\u00df \u00a7 5 TMG<\/p>\n<p>Rainer Suck Sevices<br \/>\nRainer Suck<br \/>\nRiehenstra\u00dfe 60<br \/>\n79594 Inzlingen<\/p>\n<p>Umsatzsteuer-ID: DE815793982<\/p>\n<p>Kontaktinformation<\/p>\n<p>E-Mail: info@r-s-services.de<br \/>\nInternetadresse: www.r-s-services.de<br \/>\n\u202dTel: +49 176 847 898 26<\/p>\n<p>Haftungsausschluss<\/p>\n<p>Verantwortlichkeit f\u00fcr Inhalte<\/p>\n<p>Der Inhalt unserer Seiten wurde mit gr\u00f6\u00dfter Sorgfalt erstellt. Wir k\u00f6nnen jedoch nicht die Richtigkeit, Vollst\u00e4ndigkeit oder Aktualit\u00e4t der Inhalte garantieren. Nach den gesetzlichen Bestimmungen sind wir weiterhin f\u00fcr unsere eigenen Inhalte auf diesen Webseiten verantwortlich. Bitte beachten Sie in diesem Zusammenhang, dass wir nicht verpflichtet sind, die \u00fcbermittelten oder gespeicherten Informationen Dritter zu \u00fcberwachen oder Umst\u00e4nde zu untersuchen, die auf illegale Aktivit\u00e4ten hinweisen. Unsere Verpflichtung, die Verwendung von Informationen nach allgemein geltenden Gesetzen zu entfernen oder zu blockieren, bleibt davon gem\u00e4\u00df \u00a7\u00a7 8 bis 10 des Telemediengesetzes (TMG) unber\u00fchrt.<\/p>\n<p>Verantwortlichkeit f\u00fcr Links<\/p>\n<p>Die Verantwortung f\u00fcr den Inhalt externer Links (zu Webseiten Dritter) liegt ausschlie\u00dflich bei den Betreibern der verlinkten Seiten. Zum Zeitpunkt der Verkn\u00fcpfung waren f\u00fcr uns keine Verst\u00f6\u00dfe erkennbar. Sollte uns ein Rechtsversto\u00df bekannt werden, werden wir den jeweiligen Link umgehend entfernen.<\/p>\n<p>Urheberrechte \u00a9<\/p>\n<p>Unsere Webseiten und deren Inhalte unterliegen dem deutschen Urheberrecht. Sofern gesetzlich nicht ausdr\u00fccklich gestattet, bedarf jede Form der Nutzung, Vervielf\u00e4ltigung oder Verarbeitung urheberrechtlich gesch\u00fctzter Werke auf unseren Webseiten der vorherigen Zustimmung des jeweiligen Rechteinhabers. Einzelne Reproduktionen eines Werkes sind nur f\u00fcr den privaten Gebrauch gestattet. Die Materialien auf diesen Seiten sind urheberrechtlich gesch\u00fctzt und jede nicht autorisierte Verwendung kann gegen das Urheberrecht versto\u00dfen.<\/p>\n<\/div><\/section>\n<\/div><\/div>\n<style type=\"text\/css\" data-created_by=\"avia_inline_auto\" id=\"style-css-av-wag4-9d2db250c6888623962f22405ec81bde\">\n.flex_cell.av-wag4-9d2db250c6888623962f22405ec81bde{\nvertical-align:top;\n}\n<\/style>\n<div class='flex_cell av-wag4-9d2db250c6888623962f22405ec81bde av-gridrow-cell av_one_third no_margin  avia-builder-el-4  el_after_av_cell_one_third  avia-builder-el-last  content-align-top'  ><div class='flex_cell_inner'><\/div><\/div><\/div>\n","protected":false},"excerpt":{"rendered":"","protected":false},"author":1,"featured_media":0,"parent":0,"menu_order":0,"comment_status":"closed","ping_status":"closed","template":"","meta":{"footnotes":""},"class_list":["post-32","page","type-page","status-publish","hentry"],"_links":{"self":[{"href":"https:\/\/www.r-s-services.de\/index.php\/wp-json\/wp\/v2\/pages\/32","targetHints":{"allow":["GET"]}}],"collection":[{"href":"https:\/\/www.r-s-services.de\/index.php\/wp-json\/wp\/v2\/pages"}],"about":[{"href":"https:\/\/www.r-s-services.de\/index.php\/wp-json\/wp\/v2\/types\/page"}],"author":[{"embeddable":true,"href":"https:\/\/www.r-s-services.de\/index.php\/wp-json\/wp\/v2\/users\/1"}],"replies":[{"embeddable":true,"href":"https:\/\/www.r-s-services.de\/index.php\/wp-json\/wp\/v2\/comments?post=32"}],"version-history":[{"count":3,"href":"https:\/\/www.r-s-services.de\/index.php\/wp-json\/wp\/v2\/pages\/32\/revisions"}],"predecessor-version":[{"id":48,"href":"https:\/\/www.r-s-services.de\/index.php\/wp-json\/wp\/v2\/pages\/32\/revisions\/48"}],"wp:attachment":[{"href":"https:\/\/www.r-s-services.de\/index.php\/wp-json\/wp\/v2\/media?parent=32"}],"curies":[{"name":"wp","href":"https:\/\/api.w.org\/{rel}","templated":true}]}}